digit of s(56)?
4
Let k = 13738 - 5044. What is the hundreds digit of k?
6
Let z(f) = -15*f - 2 + 0*f**2 - 6*f**2 + 9 + 4*f**2. Let j be z(-7). Let s = j + 6. What is the units digit of s?
0
Let q = -31 + 17. What is the tens digit of (q + 8)*(-1 + (-5)/6)?
1
Let x(q) = 2*q**3 - 7*q**2 + q - 10. Let i(y) = 3*y**3 - 14*y**2 + 2*y - 19. Let h(o) = -3*i(o) + 5*x(o). What is the units digit of h(7)?
6
Suppose 4*p = 5*a + 37093, 4*p - 3390 = 3*a + 33701. What is the thousands digit of p?
9
Let m(y) = 5*y**3 - 4*y**2 + y + 3. Let g be m(2). Suppose 34*u = g*u + 535. What is the units digit of u?
7
Suppose 0 = -4*d - 4*x + 224384, -60*x - 56076 = -d - 65*x. What is the tens digit of d?
0
Let i(g) = 2*g**3 + g**2 - g + 16. Suppose -70 = -12*n - 10. What is the tens digit of i(n)?
8
Let i(z) = 13 - 9*z - z**2 + z + 2*z - 17*z. What is the tens digit of i(-10)?
4
Let s(r) = -5*r**2 - 4*r + 8. Let t(u) = u**2 + 1. Let w(k) = s(k) + 4*t(k). Let i be w(-6). Let n(m) = m**2 + m + 55. What is the units digit of n(i)?
5
Let y = 872 - 2010. Let n = -3 - y. What is the thousands digit of n?
1
Let y be (((-70)/4)/5)/(1/44). Let v(g) = 163*g - 1. Let o be v(-2). Let h = y - o. What is the hundreds digit of h?
1
Let u(s) = 7*s**2 + 9*s**2 - 31 - 14*s**2 - s**2 + 6*s**2. What is the tens digit of u(4)?
8
Let l = -24 + 31. Suppose -l*j + 2343 + 100 = 0. What is the units digit of j?
9
Suppose -54 = 8*f + 19*f. What is the hundreds digit of (-1)/2*f*(1313 - -14)?
3
What is the thousands digit of 10 + (9 - -21944) + -4?
1
Suppose -3*z = -147*g + 130*g - 131327, -3*z - g = -131471. What is the units digit of z?
1
Let h = -3997 + 5142. What is the hundreds digit of h?
1
Let z = -5014 + 38394. What is the tens digit of z?
8
Let h(t) = -5*t**2 + 18*t - 3. Let m be h(20). Let o = m + 2349. What is the units digit of o?
6
Let a be 3/((-7)/((-56)/12)). Suppose m - 16 = -a*i + 59, -82 = -m + 5*i. Suppose 3*x - m = 157. What is the tens digit of x?
7
Suppose w - 3*n + 14376 = -w, 21557 = -3*w + n. What is the tens digit of 18/72 + w/(-12)?
9
Let p(a) = 8*a - 8. Let t be p(-3). Let c = 18 + t. Let r(s) = s**3 + 15*s**2 + 9*s - 10. What is the units digit of r(c)?
0
Let p(l) = 8*l**3 - l**2 - 46*l + 368. What is the hundreds digit of p(8)?
0
Let o(q) = -75*q**2 + 2*q + 2. Let p be o(-1). Let w be p/27 + (-2)/9. What is the tens digit of 90 + -4 + 3 - w?
9
Let k(c) = 15*c - 45 + 1 + 8 + 9*c**2 + c**3 - 2*c**3. What is the tens digit of k(9)?
9
Let z(j) = -309*j**2 + 613*j**2 - 305*j**2 + 2*j + 13. Let a be z(-6). What is the tens digit of (a/(-20))/(2 - (-303)/(-152))?
6
Suppose 250 = c + 5*k - 255, -2*c - k = -992. What is the hundreds digit of c?
4
Suppose -4*s + 467 = d - 121, 4*d - 2*s - 2262 = 0. Suppose -u - 4*a = -d, 22*u + a - 1150 = 20*u. What is the tens digit of u?
7
Suppose n = -j + 4*n - 8, -3*j + 8 = -n. Let p be j - 5 - ((-12)/2 + 1). Suppose p*t - 2*t = 202. What is the tens digit of t?
0
Let u be ((-4)/(-18) - 56721/(-27)) + 3. Suppose -6*y + u = -2*y. Let z = y - 363. What is the tens digit of z?
6
Suppose 0 = 5*r, -4*f + 3*r + 40 = 7*r. Suppose 0 = 2*k + f, -153 = 2*y - k - 762. What is the units digit of y?
2
Let x = 11857 - 5844. Suppose 9*g + 406 = x. What is the hundreds digit of g?
6
Let o be 9 + -1 - (-6 - (-9 - 0)). Suppose -o*b - d + 1133 = 0, -3*b - 3*d + 689 = -7*d. Suppose 2*x - b = x. What is the hundreds digit of x?
2
Let t(q) = 380*q**2 + 32*q + 42. What is the hundreds digit of t(-5)?
3
Let r = -21308 + 21738. What is the units digit of r?
0
Let g be 3/(-4) - (0 + (-999)/(-12)). Let z = 95 + g. Suppose z*m = 10*m + 49. What is the units digit of m?
9
Let y(l) = -1582*l + 150. Let w(z) = 317*z - 30. Let d(x) = -11*w(x) - 2*y(x). What is the units digit of d(-1)?
3
Let i(r) = -2*r**3 - r**2 + 4*r + 5. Let j = 119 - 106. Suppose -6*a - j = -1. What is the units digit of i(a)?
9
Suppose -3*o + 5 = q, 4 + 2 = -2*o - 3*q. Suppose l - 303 = -g, l + g - o*g - 312 = 0. What is the tens digit of l?
0
Let h be ((-10)/35)/2 - (-15336)/42. Let l = -284 + h. What is the units digit of l?
1
Suppose -4*q - f = -4478, 13*f = -5*q + 14*f + 5593. Let h = q + -359. What is the units digit of h?
0
Suppose -5*u + 3*h + 28877 = 10892, -3*u + 3*h + 10797 = 0. What is the thousands digit of u?
3
Suppose 46*h - 307*h = -83084 - 189661. What is the units digit of h?
5
Let d = -187 + 192. Suppose -11*n + 2*p = -10*n - 692, -d*n + 3445 = 5*p. What is the units digit of n?
0
Let k = 6 + -3. Suppose 0 = -16*q + 13*q + 5*b + 13, 5*q - 2*b = 28. What is the tens digit of (283/k)/1 - q/18?
9
Let s(v) = v**2 + 26*v - 188. Let g be s(6). Suppose 0*y - 3*y + 913 = -g*k, 4*k - 283 = -y. What is the hundreds digit of y?
2
Let m(c) = 10*c + 55*c**2 - 8*c + 5*c**2 + 1 + 80*c**2. What is the tens digit of m(-1)?
3
Let p = -506 - -498. Let u = 502 - p. What is the hundreds digit of u?
5
Let p be 3/1*6/9. Suppose -f - 6 = -0*f + 4*z, 0 = -f - p*z - 2. What is the units digit of (-4 + 3 + f)*41?
1
Let d(i) = -794*i + 14915. What is the ten thousands digit of d(0)?
1
Let a(z) = 17*z**3 + 2*z**2. Let j be (-2)/(-6) + -1 + (-24)/(-9). Let r be a(j). Suppose 928 = 4*d + r. What is the units digit of d?
6
Let q = 78 - 33. Let s = 980 - 859. Let h = s - q. What is the tens digit of h?
7
Suppose 45*d + 3293388 = -69*d + 156*d. What is the tens digit of d?
1
Suppose 0 = 3*r - 3*q + 26779 - 156907, -3*q - 173498 = -4*r. What is the thousands digit of r?
3
Let l = 73278 - 40470. What is the ten thousands digit of l?
3
Let m = 79 + -75. Let i = -60 + 220. Suppose 2*k - i = -3*x + k, -m*x = 2*k - 210. What is the units digit of x?
5
Suppose -3*f + 0*f + 44962 = 8*l, 0 = -4*l - 5*f + 22474. What is the thousands digit of l?
5
Let c(y) = y**2 - 11*y + 47. Suppose 2*f - 16 = -4*a + 8, f - 3*a = 17. Let r be c(f). Let q = r - -39. What is the tens digit of q?
2
Suppose 2*h + 5 - 15 = 0, -h + 5 = -5*j. Suppose -4*n + 0*d + 2*d + 1734 = j, -3*d + 3 = 0. What is the tens digit of n?
3
Suppose -3*m - 5*c + 78 = 0, m = 4*m + 3*c - 84. Let g = -29 + m. Suppose 0*b + g*b = -3*r + 146, 0 = -b - 4*r + 83. What is the units digit of b?
7
Suppose 55*m - 2388406 = -60*m + 241759. What is the tens digit of m?
7
Let m(h) = 12 - 16 + h - h**2 - 3*h - 31*h**3. What is the tens digit of m(-2)?
4
Let v(i) = 1342*i**2 - 180*i - 353. What is the tens digit of v(-2)?
7
Suppose 19*w = 16*w + 33. Let k be (w/1)/((-1)/(-1)). Let d(v) = 2*v**2 - 19*v - 4. What is the tens digit of d(k)?
2
Suppose -10*w + 13*w - 3618 = 0. Let s be ((-16)/10)/4 + w/15. Suppose 13*t - 12*t - s = 0. What is the tens digit of t?
8
Let a = -45 - -52. Suppose -a*f = -14*f. Suppose f = 8*j - 874 + 274. What is the tens digit of j?
7
Suppose -3*b = -4*d - 17322, -3*b - 5*d = -0*d - 17376. What is the tens digit of b?
8
Let s(q) = q**3 + 9*q**2 + 15*q + 7. Let p be s(-6). Suppose -p*l - 20 = -29*l. What is the tens digit of l/15 - 568/(-6)?
9
Suppose 388240 - 381528 = -82*j + 898380. What is the tens digit of j?
7
Suppose -4*j - 16 = 0, 0 = 3*y + 4*j - 2794 - 5155. What is the thousands digit of y?
2
Suppose 3*i - 2*d + 1281 = 0, 3*d = 4*i + d + 1708. Let j = i + 913. What is the units digit of j?
6
Let f be (0/5 + 1)*-9. Let t be f/(-6) + 2/((-4)/(-857)). Suppose -t = -7*n + 648. What is the hundreds digit of n?
1
Let t(k) = k**3 + 6*k**2 + 7*k + 3. Let u be t(-3). Let s(z) = z**3 - 17*z + 28. What is the hundreds digit of s(u)?
6
Let o = -746 - -1455. Let j = -402 + o. What is the hundreds digit of j?
3
Suppose 3*s - 5*s - 2*x = 24, s - 3*x = -28. What is the tens digit of (-1884)/s + (-9)/12*1?
1
Let c be ((-26)/(-39))/(2/1116). Let y = c + 4. Suppose -l - y = -4*o, o + 2*o = 4*l + 269. What is the tens digit of o?
9
Suppose -n - 99 = 4*k, -2*k - 2*n - 43 - 5 = 0. Let q be (36/21)/(-3) - k/7. Suppose -g = -q, -g + 6*g - 131 = -4*h. What is the units digit of h?
9
Let j(k) = 37*k**2 + 12*k - 16. Let w(x) = 2*x**2 + x + 1. Let v(u) = j(u) - 3*w(u). What is the tens digit of v(6)?
5
Let m be 8 - ((3 + -7 - 0) + 6). What is the hundreds digit of (3548/m)/(-4 + (-70)/(-15))?
8
Let p = -4878 + 33972. What is the thousands digit of p?
9
Let s = -25 + 25. Suppose 2*f + 40 = -s*f + 4*i, 3*i = 4*f + 105. What is the tens digit of (f*1)/(27/(-72))?
8
Let w(b) 